s v(37) a composite number?
False
Let n = -867 - -1611. Let w = -1057 + 1508. Let o = n - w. Is o a composite number?
False
Let x(q) = -14 + 23 + 20 + 55*q + 35 - 154*q. Is x(-7) prime?
True
Let u be (-2)/15*-23755*3. Suppose 0 = 88*i - 86*i - u. Is i prime?
True
Let b = 12159 + -7048. Is b a composite number?
True
Let h(s) = 22*s**2 - 8*s + 90. Let q be h(-19). Let n = q - 5327. Is n composite?
False
Let v(d) = -261*d - 6158. Is v(-49) a prime number?
False
Is (124071*(-8)/(-24))/1 a composite number?
False
Let m(g) = g**2 - 5*g - 16. Suppose -31 = -4*z + 5. Let p be 3/z + (-29)/(-3). Is m(p) a prime number?
False
Suppose j - 4 - 6 = -2*c, -c = -2*j. Suppose -2*p = 2*o + 6, -j*o - 4*p - 18 = p. Let s(i) = 920*i**2 + 3*i - 2. Is s(o) a composite number?
True
Suppose 7794 = -2*c - 4*f + 6*f, 11694 = -3*c + 4*f. Let y = -1477 - c. Is y prime?
True
Suppose x - 6*x - 2*j = -1021055, 816862 = 4*x - 2*j. Is x a prime number?
False
Let c = -830 + 825. Let p(h) = 829*h - 1. Let q be p(-1). Is q/c*(-2)/(-4) a prime number?
True
Let i = 1465792 - 1036827. Is i a prime number?
False
Let c(i) = 28*i**2 + 27*i - 5. Let d be c(13). Suppose 0 = -5*y + y - 2*g + 10144, -d = -2*y + 2*g. Is y prime?
False
Let o(i) = 388*i - 285. Let r be o(7). Suppose 0*h + 5*h - 2*g = 12137, -h + 4*g = -r. Is h prime?
False
Suppose -2*m - 1 + 5 = 0. Suppose 27*p + 1794992 = 2*p - 147*p. Is p/(-2)*m*(-3)/(-12) a composite number?
False
Suppose 268 = 2*n + 3*d + d, 404 = 3*n + 4*d. Suppose n*b - 157*b = -196287. Is b composite?
True
Let h(x) = 256586*x**2 + 241*x + 479. Is h(-2) prime?
False
Suppose 1 + 1 = 2*k. Suppose 5*o = 2*z - 33, 5 = z + k. Is 27558/30 - 2/o prime?
True
Let k(t) = 3*t**2 + 13*t + 17. Let d(r) = 5*r**2 + 25*r + 34. Let p be (5 + 1)*(-3 - -2). Let o(j) = p*d(j) + 11*k(j). Is o(12) prime?
True
Let u = -105 + 109. Suppose 5*p + 3500 = 5*q, -3*q = -u*q - 2*p + 691. Is q composite?
True
Let a = 62 + -54. Suppose a*t = -t + 36. Suppose t*f - 3027 = f. Is f prime?
True
Suppose 9*b + 29854 = 4*q + 4*b, -3*b = -2*q + 14926. Is q a prime number?
False
Suppose -363582 = -2*g - 2*d, -8*g + 11*g - 545357 = -d. Is g prime?
False
Let h = -2718425 + 4981782. Is h a prime number?
True
Suppose -5*n - 6*n + 162457 = -474685. Is n prime?
False
Suppose 1131 = -2*o + f, 3*o + 3*f + 1689 = 2*f. Let q be (-2)/27 - 43420/1404. Let v = q - o. Is v a composite number?
True
Is (-511598100)/(-819) + 14/147 prime?
False
Let o(v) = 10 + 14 - 241*v - 7. Let z be o(-4). Let y = 2060 - z. Is y composite?
True
Let z(x) be the second derivative of -77*x**3/6 + 37*x**2/2 + 23*x. Let r be z(-4). Suppose -3*k = -0 - r. Is k a prime number?
False
Suppose -4*b + 24 = -4*h, b + 0*h = -3*h - 14. Let n(t) = 2*t + 16205 + 81*t**2 - 16205. Is n(b) prime?
True
Let r(i) = -82*i + 5. Let y(s) = s**2 + 2*s - 6. Let f be y(-4). Suppose 2*c + 3*o + 10 = -12, -12 = 4*c - f*o. Is r(c) prime?
False
Let s be ((-3)/39*-13)/((-2)/2376). Let b = 2415 + s. Is b a composite number?
True
Let x(f) be the first derivative of 17*f**3/3 + 17*f**2/2 - 25*f + 34. Let v be (10 - 1) + (-5 - -7). Is x(v) a prime number?
False
Let c = 1699 + -3461. Let z = c + 7436. Is z a composite number?
True
Suppose -54313 + 14451 = -2*l. Is l a prime number?
False
Suppose 43*i - 3848935 = 13*i + 5918435. Is i a prime number?
False
Let v be (-6030360)/(-700) - (-2)/(-20)*-2. Let x = v + -198. Is x a composite number?
True
Suppose 3*p - 8*p + 144210 = 2*z, -72111 = -z - 4*p. Is z composite?
True
Suppose 4*a + 6*a = 7*a. Let y(g) = g**3 + 0*g**3 - 2*g**2 + a*g**2 - 4*g - 2*g**2 + 10. Is y(5) a prime number?
False
Is 19368/(-192)*(-964)/6 + 18/(-72) composite?
True
Let t be 9/(-6)*(-75928)/(-12). Let u = 14478 + t. Is u prime?
True
Suppose -628 = 5*h - 2908. Let l = 98 - h. Is (l*(-5)/(-40))/(2/(-8)) composite?
False
Let z(i) = i**3 + 9*i**2 - 8*i + 9. Suppose 3*l - 18 = 45. Let c(w) = w**2 - 22*w + 14. Let t be c(l). Is z(t) a prime number?
True
Let c be 352/(-6)*(5 - (-82)/(-8)). Let l = 919 - c. Is l prime?
False
Let f(a) = -3*a - 2. Let u be f(-1). Suppose -p + 3*b = -1948, 0 = b - 0*b - u. Is p prime?
True
Suppose 158215 = 5*j - 3*f, 115*j + 4*f + 158215 = 120*j. Is j a composite number?
False
Suppose 72839 + 26933 = 4*m. Is m a composite number?
False
Let o(l) = 38*l**2 - l + 6. Let q = -256 + 275. Is o(q) a composite number?
True
Let k = 807350 - -244347. Is k a prime number?
True
Let m(u) = -11*u**2 + 3*u + 2. Let y be m(2). Is 17291/(-6*6/y) composite?
False
Suppose 7*x - 6246 = 4*x. Let o = x + -1129. Is o a prime number?
True
Let m(z) = 25*z**3 + 3*z**2 - 2*z - 1. Let w be m(1). Suppose 0 = w*p - 12*p - 128323. Is p composite?
False
Let f be -21*((-235)/(-35) + -7). Is (6079/3 + 1)/(4/f) prime?
True
Suppose 5*i - 5020 = -34810. Let v = i + 12155. Is v a composite number?
False
Suppose -4*j = 7*j - 55. Suppose -f = f - j*x - 20671, -4*f + x + 41369 = 0. Is f a composite number?
False
Let x(s) = -52*s - 2. Let a(i) = -103*i - 4. Let l(f) = 6*a(f) - 14*x(f). Suppose -u = -5*o - 26, -2*u + u - o = -8. Is l(u) a composite number?
True
Suppose 0 = 229*b - 118*b - 14223873. Is b composite?
True
Suppose 104*p - 37562213 = 6293651. Is p a prime number?
True
Let a be 15*(-22*2/12 - -4). Suppose a*s - 5*d - 8892 = 2*s, 4*s = -d + 11833. Suppose 7211 = 18*j - s. Is j a prime number?
False
Let q = -170 + 170. Suppose -3*r = -g - 535, q = -15*r + 13*r + g + 358. Is r prime?
False
Suppose 10132*j - 1289985 = 10117*j. Is j composite?
False
Suppose 0 = -2*n + 5*h + 488698, -5*h + 977306 = -14*n + 18*n. Is n composite?
True
Let z = 109 - 86. Suppose 10110 = -z*d + 29*d. Is d a prime number?
False
Let y be (-1 + 0)*6887*-1. Suppose -4*f = -2*l + 11590, 3*l - 9423 - 5064 = 5*f. Let a = y + f. Is a prime?
True
Let q(n) = 2*n**2 + n - 6. Let r be q(-2). Suppose 0*l + r*l = -l. Suppose -4*b + 4 = 0, -4*j + 5*b + 505 + 2902 = l. Is j a composite number?
False
Let q be ((-5)/1 - -3)/(4/(-10)). Is (39*(-3)/(-27))/(q/795) a composite number?
True
Let f = -2022803 - -6333736. Is f prime?
False
Let t(m) be the first derivative of -3*m**4 + 8*m**3/3 + 9*m**2/2 + m - 39. Is t(-6) prime?
False
Let v(k) = k**3 - 5*k**2 + 18*k + 1649. Is v(0) a composite number?
True
Let d be (-3 + 4)*-2*-1*21806. Suppose -3*a - a = -d. Is a a prime number?
True
Suppose 0 = 29*x - 24*x. Suppose 2*r - 3*s = -x*s + 6085, -3*s = 5*r - 15202. Is r a composite number?
False
Let g = 85 - 85. Suppose g = -26*d + 45*d - 1691. Is d a prime number?
True
Let o = -50185 - -280734. Is o a composite number?
True
Let l(u) = -20185*u - 478. Is l(-5) composite?
False
Suppose -4*d = 2*d + 30. Let a be (1 + (-21)/6)*14/d. Suppose -a*w + 326 = -5*w. Is w a prime number?
True
Suppose -89*f + 109*f - 58*f = -25889818. Is f composite?
False
Let m = -172 + 177. Suppose -m*r + 6*g = 3*g - 13645, -5*r + 2*g = -13645. Is r composite?
False
Let c be (-2)/((-12)/(-30))*12. Let k = -31 + 132. Let j = k - c. Is j composite?
True
Let l(o) = -168*o**2 + 4*o + 4. Let q be l(-2). Let n = q + 400. Let r = n + 695. Is r composite?
False
Suppose 201*a - 1079363 = 3424042. Is a a prime number?
False
Let c = 30568 - 21707. Is c a composite number?
False
Let t(z) = -z**3 - 10*z**2 - 18*z + 24. Let r be t(-7). Suppose -19*w = -r*w - 7472. Is w a composite number?
False
Let b = 107 - 105. Suppose b*w - 10 = -3*w, -5*t + 18 = 4*w. Suppose -h + 1357 = 2*p, t*p = -p + 3*h + 2040. Is p a prime number?
False
Suppose -20*w + 1232021 + 2538984 = 291545. Is w a prime number?
False
Let n = -1440 + 2518. Suppose 0 = -2*w - 0*c - c + n, 5*c = -20. Is w a composite number?
False
Let k(p) = 5302*p - 303. Is k(7) composite?
True
Let d(a) = 73*a**2 - 69*a - 97. Is d(27) a composite number?
False
Let q(u) = -22*u**3 - 3*u**2 + 10*u + 27. Suppose 2*a + 20 = n - 4*n, -3*a - 32 = 5*n. Is q(a) a composite number?
True
Suppose 31 - 13 = -3*v, j - 77803 = -4*v. Is j prime?
False
Suppose 0 = -2493*j + 2460*j + 5219709. Is j a composite number?
True
Let c(x) = 152*x + 5. Let f be c(4). Let u(l) = 5*l**2 + 24*l - 29. Let q be u(-17). Let r = q - f. Is r a prime number?
False
Let z(a) = -2*a**2 - 23*a + 70. Let f be z(-14). Suppose 0*r - 3*o = 2*r - 125, f = r + 3*o - 58. Is r a prime number?
True
Let v(s) = 16 - s**3 - 11*s**2 + 12*s**2 + 0*s**